*u**2 + 403*u + 93. Give n(29).
6
Let k(f) = f**3 - 5*f**2 - 19*f + 78. What is k(4)?
-14
Let m(r) = -r**3 - 56*r**2 - 297*r + 167. Calculate m(-50).
17
Let z(t) = -t**3 - 24*t**2 - 32*t + 31. Calculate z(-23).
238
Let r(h) = 235*h + 464. Give r(-2).
-6
Let b(x) = 63*x**2 - 244*x - 27. Calculate b(4).
5
Let q(x) = x - 38. What is q(23)?
-15
Let b(i) = -240*i - 495. Calculate b(-2).
-15
Let y(l) = -8*l**3 - 2*l**2 - 2. Calculate y(-2).
54
Let d(b) = 5*b**3 - 41*b**2 + 21*b - 103. Calculate d(8).
1
Let r(u) = 50*u**2 - 319*u + 15. Calculate r(6).
-99
Let l(n) = n**2 + 407*n - 14529. Give l(33).
-9
Let u(y) = -6*y**3 - 26*y**2 + 16*y + 8. Give u(1).
-8
Let x(i) = 5*i**2 - 9*i - 5. Determine x(5).
75
Let j(m) = -37*m - 551. What is j(-16)?
41
Let b(g) = 11*g**2 - 2530*g + 2531. What is b(1)?
12
Let s(l) = -l**3 + 32*l**2 - 30*l - 65. Calculate s(31).
-34
Let q(y) = -y**3 + 41*y**2 + 178*y - 83. Calculate q(45).
-173
Let c(a) = 6*a**2 - 921*a + 13555. Determine c(137).
-8
Let a(n) = n**2 + 113*n - 462. Determine a(-117).
6
Let c(r) = -4*r**2 + 50*r - 77. What is c(11)?
-11
Let g(p) = 4*p**2 + 107*p + 168. Give g(-25).
-7
Let d(y) = -65*y - 5747. Give d(-88).
-27
Let g(k) = k**3 - 3*k**2 - 88*k + 7. Give g(11).
7
Let f(g) = -6*g**2 + 79*g - 357. Give f(7).
-98
Let y(j) = -181*j + 81. Calculate y(-2).
443
Let y(v) = -v**2 + 18*v + 90. What is y(22)?
2
Let x(l) = l**3 - 12*l**2 - 2*l + 22. Give x(12).
-2
Let b(c) = c**3 - 87*c**2 - 663*c + 601. Determine b(94).
131
Let n(m) = m**3 - m**2 + 12*m + 35. Give n(-3).
-37
Let p(a) = 19*a + 151. Determine p(-7).
18
Let m(b) = -28*b + 3271. Give m(119).
-61
Let x(d) = 2*d**3 + d**2 - d + 107. Determine x(0).
107
Let x(h) = 20*h - 83. Determine x(13).
177
Let f(j) = -2*j**3 + 170*j**2 - 493*j - 32. What is f(82)?
-114
Let c(d) = -d**3 - 17*d**2 - 72*d + 18. Give c(-8).
18
Let w(x) = -12969*x - 116718. What is w(-9)?
3
Let w(z) = -z**2 - 88*z + 6. Calculate w(0).
6
Let v(a) = a**3 - 4*a**2 - 46*a - 4. What is v(-5)?
1
Let f(s) = 18*s + 1205. Give f(-66).
17
Let p(h) = 690*h + 2762. Calculate p(-4).
2
Let z(c) = -3763*c + 86545. Calculate z(23).
-4
Let w(r) = -116*r + 7525. Calculate w(65).
-15
Let v(i) = i**2 + 78*i + 1518. Give v(-35).
13
Let r(b) = b**3 - 3*b**2 - 45*b + 8. What is r(8)?
-32
Let p(v) = -2*v**3 + 44*v**2. Give p(22).
0
Let x(m) = -858*m - 34319. Calculate x(-40).
1
Let y(f) = -212*f + 18. Calculate y(0).
18
Let j(v) = v**2 - 40*v - 631. Determine j(-12).
-7
Let a(q) = 54*q**2 - 4*q + 1. What is a(-1)?
59
Let k(o) = 63*o + 522. Calculate k(-10).
-108
Let n(g) = -g**3 - 17*g**2 - 37*g + 74. Calculate n(-14).
4
Let u(d) = 62*d**2 - 96*d + 185. Give u(2).
241
Let f(g) = g**3 - 9*g**2 + 5*g - 1. Determine f(8).
-25
Let o(b) = -6154*b - 135390. Calculate o(-22).
-2
Let k(s) = 713*s + 28520. Give k(-40).
0
Let k(b) = -105*b**3 - 5*b**2 + 8*b + 3. Calculate k(2).
-841
Let g(o) = -3*o**2 - 10*o - 30. Give g(-7).
-107
Let o(m) = -2*m**3 + 66*m**2 + 218*m - 1. Calculate o(-3).
-7
Let r(g) = -6*g - 80. What is r(-8)?
-32
Let j(f) = 6*f + 250. What is j(-58)?
-98
Let j(s) = -s**2 - 131*s - 1847. Determine j(-16).
-7
Let l(i) = -130*i - 3643. Determine l(-28).
-3
Let a(z) = 71*z + 1205. Determine a(-14).
211
Let u(i) = -i**2 + 35*i + 2994. Calculate u(-40).
-6
Let k(l) = -18*l - 1060. Determine k(-54).
-88
Let q(r) = -2*r**3 - 353*r**2 - 153*r + 4045. What is q(-176)?
-3
Let j(c) = c - 8. Give j(2).
-6
Let i(v) = 8*v**2 + 130*v - 49. Give i(-16).
-81
Let p(u) = 134*u**2 - 14*u. Calculate p(-1).
148
Let u(n) = 4*n**2 - 49*n - 29. Calculate u(14).
69
Let s(p) = 2*p**3 + 18*p**2 - 156*p - 1365. Give s(-10).
-5
Let k(q) = 2*q**2 - 61*q - 2467. Give k(-23).
-6
Let p(d) = d**2 - 14*d - 325. Calculate p(-14).
67
Let p(b) = b**3 + 41*b**2 - 448*b + 101. Give p(-50).
1
Let v(c) = -197*c + 1794. Calculate v(9).
21
Let a(o) = 13*o + 665. Give a(-48).
41
Let n(t) = 107*t**3 - 431*t**2 + 7*t + 12. What is n(4)?
-8
Let z(q) = q**2 - 20*q + 25. What is z(8)?
-71
Let v(g) = -g**3 + 50*g**2 + 139*g + 1059. Calculate v(53).
-1
Let w(c) = c**3 - 12*c**2 - 12*c + 135. Calculate w(13).
148
Let t(l) = l**3 - 6*l**2 + 2*l + 10. Calculate t(4).
-14
Let v(g) = -23*g + 1074. What is v(44)?
62
Let b(i) = -2*i**3 + 5*i**2 + 44*i - 123. Determine b(4).
5
Let a(w) = w**2 - 48*w + 330. Calculate a(40).
10
Let d(j) = 2*j**3 - 9*j**2 - 26*j + 150. What is d(5)?
45
Let z(q) = -7*q**2 - 127*q + 106. Give z(-20).
-154
Let q(g) = -49*g - 1079. Determine q(-22).
-1
Let r(x) = -244*x**2 + 14*x + 7. Determine r(-1).
-251
Let h(q) = -q**3 - 32*q**2 - 165*q + 41. Calculate h(-7).
-29
Let n(z) = z**3 - 14*z**2 + 14*z + 75. Give n(13).
88
Let c(q) = -q**3 + 30*q**2 + 33*q - 128. Determine c(31).
-66
Let p(g) = -10*g - 1040. Determine p(-125).
210
Let y(q) = -582*q + 10457. Determine y(18).
-19
Let b(o) = 5*o**3 + 26*o**2 - 26*o + 2. Give b(-6).
14
Let i(c) = c**2 - 12*c - 10. Determine i(13).
3
Let x(j) = 102*j - 1268. What is x(11)?
-146
Let g(a) = -3*a + 145. Determine g(48).
1
Let r(y) = -263*y + 206. Give r(-2).
732
Let x(n) = -5*n**3 - 110*n**2 - 102*n + 65. What is x(-21)?
2
Let g(o) = -o**3 - 19*o - 230. What is g(-8)?
434
Let o(j) = 2*j**2 - 11*j + 29. Determine o(10).
119
Let p(x) = -12*x - 314. Calculate p(-20).
-74
Let z(y) = 3*y**3 - 81*y**2 - 91*y + 159. Give z(28).
-37
Let c(z) = -418*z - 2089. Calculate c(-5).
1
Let n(c) = -74*c - 2536. Calculate n(-34).
-20
Let z(b) = -2*b**2 - 575*b + 42103. Give z(-348).
-5
Let b(m) = 82*m - 4584. Determine b(56).
8
Let q(b) = -107*b + 16050. Determine q(150).
0
Let o(l) = -191*l - 5119. Determine o(-27).
38
Let p(t) = -t**3 + 26*t**2 + 55*t - 1969. Calculate p(25).
31
Let m(l) = l**2 + 21*l + 85. Determine m(-14).
-13
Let q(b) = -b**3 + 20*b**2 + 152*b - 1352. Calculate q(24).
-8
Let f(m) = -m**2 + 45*m - 96. Give f(2).
-10
Let f(u) = 3*u**2 - 15*u - 43. Determine f(-3).
29
Let j(w) = 9266*w - 64868. Determine j(7).
-6
Let t(j) = -j**3 + 15*j**2 - 6*j + 42. Give t(15).
-48
Let o(v) = 8*v**2 - 520*v + 57. Calculate o(65).
57
Let a(m) = 243*m + 476. What is a(-2)?
-10
Let k(d) = -54*d + 545. Determine k(-2).
653
Let g(m) = -m**3 - 23*m**2 + 24*m - 651. Give g(-25).
-1
Let k(h) = 225*h + 64528. Calculate k(-287).
-47
Let p(m) = 2*m**2 - 58*m + 279. What is p(5)?
39
Let u(z) = 744*z - 8932. Give u(12).
-4
Let c(k) = -2*k**2 + 100*k - 764. Give c(10).
36
Let g(s) = -2*s**3 - 45*s**2 - 30*s - 191. Give g(-22).
-15
Let v(j) = 10*j + 132. Give v(-14).
-8
Let u(p) = 2*p**3 + 9*p**2 - 60*p + 33. Give u(-8).
65
Let z(b) = -99*b + 214. Determine z(2).
16
Let m(c) = -c**2 - 98*c - 676. Determine m(-89).
125
Let u(r) = 2*r**2 - 25*r + 201. Determine u(11).
168
Let k(w) = -43008*w + 344062. Determine k(8).
-2
Let c(u) = 8*u**2 + 215*u - 266. What is c(-28)?
-14
Let h(k) = -117*k + 1127. What is h(10)?
-43
Let c(i) = -4*i**2 + 89*i + 102. What is c(22)?
124
Let d(b) = -4943*b + 14820. Determine d(3).
-9
Let m(r) = r**2 - 32*r + 11. Determine m(32).
11
Let h(a) = a**3 - 18*a**2 - 245*a - 67. Determine h(27).
-121
Let x(u) = -908*u + 6358. Calculate x(7).
2
Let r(o) = 3*o**2 - 19*o - 20. Give r(7).
-6
Let a(o) = -284*o + 34643. Determine a(122).
-5
Let b(t) = 8*t**2 - 117*t + 373. Calculate b(10).
3
Let k(t) = t**2 - 189*t + 4561. What is k(161)?
53
Let c(w) = 2*w**3 + 22*w**2 - 2*w + 30. What is c(-11)?
52
Let m(h) = -3*h**2 + 3*h + 390. What is m(12)?
-6
Let b(c) = c**2 - 71*c + 204. What is b(3)?
0
Let h(u) = 7*u**2 - 325*u + 1608. Calculate h(5).
158
Let b(q) = -q**2 - 288*q - 292. Determine b(-1).
-5
Let d(b) = 4052*b - 12111. What is d(3)?
45
Let g(z) = -15*z**2 - 22*z + 38. What is g(3)?
-163
Let r(d) = -d**3 - 13*d**2 + 148*d + 164. Determine r(-20).
4
Let v(c) = -2*c**3 - 9*c**2 - 41*c - 242. Calculate v(-5).
-12
Let k(s) = -2752*s - 16439. Give k(-6).
73
Let j(t) = 2*t**3 - 4*t**2 - 56*t - 41. Calculate j(-4).
-9
Let p(n) = -37*n - 24. Determine p(-1).
13
Let q(a) = a**3 - 18*a**2 + 69*a + 18. Give q(9).
-90
Let n(k) = -12*k**3 - 14*k**2 - 88*k - 126. Determine n(-2).
90
Let i(t) = 5*t**2 + 72*t + 32. Give i(-14).
4
Let b(d) = 7*d**2 + 67*d + 144. Determine b(-4).
-12
Let a(n) = -n**3 - 45*n**2 + 369*n + 235. Give a(-52).
-25
Let q(w) = 3*w**2 + 142*w - 154. Give q(-44).
-594
Let b(y) = -3*y + 57. Cal